{"version":"1.0","provider_name":"1. Freien Narrenzunft Sindelfingen \u2013 Sendelfenga Sumpfhexa","provider_url":"https:\/\/www.sendelfenga-sumpfhexa.de\/cms","author_name":"admin","author_url":"https:\/\/www.sendelfenga-sumpfhexa.de\/cms\/author\/patrick\/","title":"27.02.2025 Kindergartensturm G\u00e4rtringen - 1. Freien Narrenzunft Sindelfingen \u2013 Sendelfenga Sumpfhexa","type":"rich","width":600,"height":338,"html":"<blockquote class=\"wp-embedded-content\" data-secret=\"Xm2xZjr3Qs\"><a href=\"https:\/\/www.sendelfenga-sumpfhexa.de\/cms\/kampagnen\/16-02-2025-umzug-tuebingen-4\/\">27.02.2025 Kindergartensturm G\u00e4rtringen<\/a><\/blockquote><iframe sandbox=\"allow-scripts\" security=\"restricted\" src=\"https:\/\/www.sendelfenga-sumpfhexa.de\/cms\/kampagnen\/16-02-2025-umzug-tuebingen-4\/embed\/#?secret=Xm2xZjr3Qs\" width=\"600\" height=\"338\" title=\"&#8222;27.02.2025 Kindergartensturm G\u00e4rtringen&#8220; &#8211; 1. Freien Narrenzunft Sindelfingen \u2013 Sendelfenga Sumpfhexa\" data-secret=\"Xm2xZjr3Qs\" frameborder=\"0\" marginwidth=\"0\" marginheight=\"0\" scrolling=\"no\" class=\"wp-embedded-content\"><\/iframe><script>\n\/*! This file is auto-generated *\/\n!function(d,l){\"use strict\";l.querySelector&&d.addEventListener&&\"undefined\"!=typeof URL&&(d.wp=d.wp||{},d.wp.receiveEmbedMessage||(d.wp.receiveEmbedMessage=function(e){var t=e.data;if((t||t.secret||t.message||t.value)&&!\/[^a-zA-Z0-9]\/.test(t.secret)){for(var s,r,n,a=l.querySelectorAll('iframe[data-secret=\"'+t.secret+'\"]'),o=l.querySelectorAll('blockquote[data-secret=\"'+t.secret+'\"]'),c=new RegExp(\"^https?:$\",\"i\"),i=0;i<o.length;i++)o[i].style.display=\"none\";for(i=0;i<a.length;i++)s=a[i],e.source===s.contentWindow&&(s.removeAttribute(\"style\"),\"height\"===t.message?(1e3<(r=parseInt(t.value,10))?r=1e3:~~r<200&&(r=200),s.height=r):\"link\"===t.message&&(r=new URL(s.getAttribute(\"src\")),n=new URL(t.value),c.test(n.protocol))&&n.host===r.host&&l.activeElement===s&&(d.top.location.href=t.value))}},d.addEventListener(\"message\",d.wp.receiveEmbedMessage,!1),l.addEventListener(\"DOMContentLoaded\",function(){for(var e,t,s=l.querySelectorAll(\"iframe.wp-embedded-content\"),r=0;r<s.length;r++)(t=(e=s[r]).getAttribute(\"data-secret\"))||(t=Math.random().toString(36).substring(2,12),e.src+=\"#?secret=\"+t,e.setAttribute(\"data-secret\",t)),e.contentWindow.postMessage({message:\"ready\",secret:t},\"*\")},!1)))}(window,document);\n\/\/# sourceURL=https:\/\/www.sendelfenga-sumpfhexa.de\/cms\/wp-includes\/js\/wp-embed.min.js\n<\/script>\n","thumbnail_url":"https:\/\/www.sendelfenga-sumpfhexa.de\/cms\/wp-content\/uploads\/2025\/03\/20250227_113347-1-scaled.jpg","thumbnail_width":1915,"thumbnail_height":2560,"description":"???????? Hauptfasnet???????? Am Schmutzigen Donnerstag waren im Kindergarten G\u00e4rtringen und haben den Kindergarten besucht. Neben der Geschichte des Vereins, Masken Probieren, Spiel und Spa\u00df, durfte nat\u00fcrlich der Brauchtum an die Kinder nicht fehlen. Unsere Aufgabe ist es, nicht nur an Umz\u00fcgen und Abendveranstaltungen teilzunehmen, sondern auch die Geschichte und Brauchtum an die Kinder weiterzugeben. Die [&hellip;]"}

27.02.2025 Kindergartensturm Gärtringen - 1. Freien Narrenzunft Sindelfingen – Sendelfenga Sumpfhexa

<blockquote class="wp-embedded-content" data-secret="Xm2xZjr3Qs"><a href="https://www.sendelfenga-sumpfhexa.de/cms/kampagnen/16-02-2025-umzug-tuebingen-4/">27.02.2025 Kindergartensturm Gärtringen</a></blockquote><iframe sandbox="allow-scripts" security="restricted" src="https://www.sendelfenga-sumpfhexa.de/cms/kampagnen/16-02-2025-umzug-tuebingen-4/embed/#?secret=Xm2xZjr3Qs" width="600" height="338" title="&#8222;27.02.2025 Kindergartensturm Gärtringen&#8220; &#8211; 1. Freien Narrenzunft Sindelfingen – Sendelfenga Sumpfhexa" data-secret="Xm2xZjr3Qs" frameborder="0" marginwidth="0" marginheight="0" scrolling="no" class="wp-embedded-content"></iframe><script>
/*! This file is auto-generated */
!function(d,l){"use strict";l.querySelector&&d.addEventListener&&"undefined"!=typeof URL&&(d.wp=d.wp||{},d.wp.receiveEmbedMessage||(d.wp.receiveEmbedMessage=function(e){var t=e.data;if((t||t.secret||t.message||t.value)&&!/[^a-zA-Z0-9]/.test(t.secret)){for(var s,r,n,a=l.querySelectorAll('iframe[data-secret="'+t.secret+'"]'),o=l.querySelectorAll('blockquote[data-secret="'+t.secret+'"]'),c=new RegExp("^https?:$","i"),i=0;i<o.length;i++)o[i].style.display="none";for(i=0;i<a.length;i++)s=a[i],e.source===s.contentWindow&&(s.removeAttribute("style"),"height"===t.message?(1e3<(r=parseInt(t.value,10))?r=1e3:~~r<200&&(r=200),s.height=r):"link"===t.message&&(r=new URL(s.getAttribute("src")),n=new URL(t.value),c.test(n.protocol))&&n.host===r.host&&l.activeElement===s&&(d.top.location.href=t.value))}},d.addEventListener("message",d.wp.receiveEmbedMessage,!1),l.addEventListener("DOMContentLoaded",function(){for(var e,t,s=l.querySelectorAll("iframe.wp-embedded-content"),r=0;r<s.length;r++)(t=(e=s[r]).getAttribute("data-secret"))||(t=Math.random().toString(36).substring(2,12),e.src+="#?secret="+t,e.setAttribute("data-secret",t)),e.contentWindow.postMessage({message:"ready",secret:t},"*")},!1)))}(window,document);
//# sourceURL=https://www.sendelfenga-sumpfhexa.de/cms/wp-includes/js/wp-embed.min.js
</script>

???????? Hauptfasnet???????? Am Schmutzigen Donnerstag waren im Kindergarten Gärtringen und haben den Kindergarten besucht. Neben der Geschichte des Vereins, Masken Probieren, Spiel und Spaß, durfte natürlich der Brauchtum an die Kinder nicht fehlen. Unsere Aufgabe ist es, nicht nur an Umzügen und Abendveranstaltungen teilzunehmen, sondern auch die Geschichte und Brauchtum an die Kinder weiterzugeben. Die [&hellip;]
