{"id":33,"date":"2023-01-18T21:00:29","date_gmt":"2023-01-18T21:00:29","guid":{"rendered":"https:\/\/www.sendelfengasumpfhexa.de\/cms\/?page_id=33"},"modified":"2026-01-19T17:36:50","modified_gmt":"2026-01-19T17:36:50","slug":"geschichte","status":"publish","type":"page","link":"https:\/\/www.sendelfenga-sumpfhexa.de\/cms\/geschichte\/","title":{"rendered":"Geschichte"},"content":{"rendered":"\t\t<div data-elementor-type=\"wp-page\" data-elementor-id=\"33\" class=\"elementor elementor-33\" data-elementor-post-type=\"page\">\n\t\t\t\t<div class=\"elementor-element elementor-element-7f2026f e-con-full e-flex e-con e-parent\" data-id=\"7f2026f\" data-element_type=\"container\" data-e-type=\"container\">\n\t\t\t\t<div class=\"elementor-element elementor-element-a366c70 elementor-widget elementor-widget-image\" data-id=\"a366c70\" data-element_type=\"widget\" data-e-type=\"widget\" data-widget_type=\"image.default\">\n\t\t\t\t<div class=\"elementor-widget-container\">\n\t\t\t\t\t\t\t\t\t\t\t\t\t\t\t<img fetchpriority=\"high\" decoding=\"async\" width=\"1600\" height=\"1066\" src=\"https:\/\/www.sendelfenga-sumpfhexa.de\/cms\/wp-content\/uploads\/2026\/01\/Gruppenbild-mit-Maske-1.jpg\" class=\"attachment-full size-full wp-image-9718\" alt=\"\" srcset=\"https:\/\/www.sendelfenga-sumpfhexa.de\/cms\/wp-content\/uploads\/2026\/01\/Gruppenbild-mit-Maske-1.jpg 1600w, https:\/\/www.sendelfenga-sumpfhexa.de\/cms\/wp-content\/uploads\/2026\/01\/Gruppenbild-mit-Maske-1-300x200.jpg 300w, https:\/\/www.sendelfenga-sumpfhexa.de\/cms\/wp-content\/uploads\/2026\/01\/Gruppenbild-mit-Maske-1-1024x682.jpg 1024w, https:\/\/www.sendelfenga-sumpfhexa.de\/cms\/wp-content\/uploads\/2026\/01\/Gruppenbild-mit-Maske-1-768x512.jpg 768w, https:\/\/www.sendelfenga-sumpfhexa.de\/cms\/wp-content\/uploads\/2026\/01\/Gruppenbild-mit-Maske-1-1536x1023.jpg 1536w\" sizes=\"(max-width: 1600px) 100vw, 1600px\" \/>\t\t\t\t\t\t\t\t\t\t\t\t\t\t\t<\/div>\n\t\t\t\t<\/div>\n\t\t\t\t<\/div>\n\t\t<div class=\"elementor-element elementor-element-b7e4f33 e-con-full e-flex e-con e-parent\" data-id=\"b7e4f33\" data-element_type=\"container\" data-e-type=\"container\">\n\t\t\t\t<div class=\"elementor-element elementor-element-041dbe7 elementor-widget elementor-widget-heading\" data-id=\"041dbe7\" data-element_type=\"widget\" data-e-type=\"widget\" data-widget_type=\"heading.default\">\n\t\t\t\t<div class=\"elementor-widget-container\">\n\t\t\t\t\t<h1 class=\"elementor-heading-title elementor-size-large\">Geschichte<\/h1>\t\t\t\t<\/div>\n\t\t\t\t<\/div>\n\t\t\t\t<\/div>\n\t\t<div class=\"elementor-element elementor-element-fa587c9 e-con-full e-flex e-con e-parent\" data-id=\"fa587c9\" data-element_type=\"container\" data-e-type=\"container\">\n\t\t\t\t<div class=\"elementor-element elementor-element-cf3c23d elementor-widget elementor-widget-text-editor\" data-id=\"cf3c23d\" data-element_type=\"widget\" data-e-type=\"widget\" data-widget_type=\"text-editor.default\">\n\t\t\t\t<div class=\"elementor-widget-container\">\n\t\t\t\t\t\t\t\t\t<p style=\"text-align: center;\"><strong><em>Geschichtlicher Hintergrund\u00a0der Sendelfenga Sumpfhexa<\/em><\/strong><\/p><p style=\"text-align: center;\">Die Sendelfenga Sumpfhexa taucht in der Stadtchronik der \u00a0Stadt Sindelfingen im 16 Jahrhundert auf.<\/p><p style=\"text-align: center;\">Sindelfingen wurde 1605 ein eigenst\u00e4ndiges Amt und unabh\u00e4ngig von B\u00f6blingen.<\/p><p style=\"text-align: center;\">Im Jahr 1605 mit ihren 1400 Bewohner hatten die Sindelfinger schon viele Sumpfgebiete die der Sendelfenga Sumpfhexa zu ihrem Namen verhalf.<\/p><p style=\"text-align: center;\">Die im 16 Jahrhundert einsetzende Hexenverfolgung hat auch in Sindelfingen, einer der gr\u00f6\u00dften St\u00e4dte, die unter der Hexenverfolgungjagd leiden musste, ihre Opfer gefunden.<\/p><p style=\"text-align: center;\">Von 1562 bis 1684 gerieten in den Hexenverfolgungen in Sindelfingen 34 Frauen in Hexereiverdacht. Im Gegensatz zu vielen Gebieten in W\u00fcrttemberg fanden hier \u00fcber die H\u00e4lfte der Verd\u00e4chtigen den Tod. 19 der angeklagten Frauen wurden in Hexenprozessen hingerichtet.<\/p><p style=\"text-align: center;\">Die ganzen Hexenprozesse und Hinrichtungen haben die Sendelfenga Sumpfhexa aber nicht abhalten k\u00f6nnen, sich seit 2014 in kleinen und gr\u00f6\u00dferen Gruppen in der Region, aber auch weit ausw\u00e4rts mit viel Schabernack, Hexenpyramiden und mit ihrem Hexenwaagen, der ordentlich Rauch und Gestank macht auf sich aufmerksam zu machen, damit die Geschichte der Sendelfenga Sumpfhexa aus Sindelfingen nicht in Vergessenheit geriet.<\/p><p style=\"text-align: center;\">Ab dem 6. Januar bis zum Aschermittwoch darf die Sendelfenga Sumpfhexa ihr Unwesen in den G\u00e4ssle und Stra\u00dfen treiben.<\/p><p style=\"text-align: center;\">Zu der Sendelfenga Sumpfhexa geh\u00f6rt das tragen der Holzmasken aus Lindenholz die aus dem wundersch\u00f6nen Schwarzwald stammt mit echten Rosshaar.<\/p><p style=\"text-align: center;\">Das H\u00e4s der Sumpfhexa soll an die \u00a0Sindelfinger Sumpfgebiete und ihrer Geschichte erinnern, dabei hat die Sumpfhexa sich f\u00fcr die moderneren Farben entschieden, um mit der Zeit zu gehen, dennoch steht der Brauchtum und die Pflege der Alemanischen Fasnet an erster Stelle.<\/p><p style=\"text-align: center;\"><strong>Quellen und Literatur:<\/strong><\/p><p style=\"text-align: center;\">Stadtarchiv Singelfingen 143 (Im Stadtarchiv befindet sich noch ein gro\u00dfer Teil der Original-Protokolle \u00fcber die hiesigen Hexenproze<\/p><p style=\"text-align: center;\">Hauptstaatsarchiv Stuttgart A 209 B\u00fc 1856ff<\/p>\t\t\t\t\t\t\t\t<\/div>\n\t\t\t\t<\/div>\n\t\t\t\t<\/div>\n\t\t\t\t<\/div>\n\t\t","protected":false},"excerpt":{"rendered":"<p>Geschichte Geschichtlicher Hintergrund\u00a0der Sendelfenga Sumpfhexa Die Sendelfenga Sumpfhexa taucht in der Stadtchronik der \u00a0Stadt Sindelfingen im 16 Jahrhundert auf. Sindelfingen wurde 1605 ein eigenst\u00e4ndiges Amt und unabh\u00e4ngig von B\u00f6blingen. Im Jahr 1605 mit ihren 1400 Bewohner hatten die Sindelfinger schon viele Sumpfgebiete die der Sendelfenga Sumpfhexa zu ihrem Namen verhalf. Die im 16 Jahrhundert einsetzende [&hellip;]<\/p>\n","protected":false},"author":1,"featured_media":0,"parent":0,"menu_order":0,"comment_status":"closed","ping_status":"closed","template":"","meta":{"footnotes":""},"class_list":["post-33","page","type-page","status-publish","hentry"],"yoast_head":"<!-- This site is optimized with the Yoast SEO plugin v27.3 - https:\/\/yoast.com\/product\/yoast-seo-wordpress\/ -->\n<title>Geschichte - 1. Freien Narrenzunft Sindelfingen \u2013 Sendelfenga Sumpfhexa<\/title>\n<meta name=\"robots\" content=\"index, follow, max-snippet:-1, max-image-preview:large, max-video-preview:-1\" \/>\n<link rel=\"canonical\" href=\"https:\/\/www.sendelfenga-sumpfhexa.de\/cms\/geschichte\/\" \/>\n<meta property=\"og:locale\" content=\"de_DE\" \/>\n<meta property=\"og:type\" content=\"article\" \/>\n<meta property=\"og:title\" content=\"Geschichte - 1. Freien Narrenzunft Sindelfingen \u2013 Sendelfenga Sumpfhexa\" \/>\n<meta property=\"og:description\" content=\"Geschichte Geschichtlicher Hintergrund\u00a0der Sendelfenga Sumpfhexa Die Sendelfenga Sumpfhexa taucht in der Stadtchronik der \u00a0Stadt Sindelfingen im 16 Jahrhundert auf. Sindelfingen wurde 1605 ein eigenst\u00e4ndiges Amt und unabh\u00e4ngig von B\u00f6blingen. Im Jahr 1605 mit ihren 1400 Bewohner hatten die Sindelfinger schon viele Sumpfgebiete die der Sendelfenga Sumpfhexa zu ihrem Namen verhalf. Die im 16 Jahrhundert einsetzende [&hellip;]\" \/>\n<meta property=\"og:url\" content=\"https:\/\/www.sendelfenga-sumpfhexa.de\/cms\/geschichte\/\" \/>\n<meta property=\"og:site_name\" content=\"1. Freien Narrenzunft Sindelfingen \u2013 Sendelfenga Sumpfhexa\" \/>\n<meta property=\"article:modified_time\" content=\"2026-01-19T17:36:50+00:00\" \/>\n<meta property=\"og:image\" content=\"https:\/\/www.sendelfenga-sumpfhexa.de\/cms\/wp-content\/uploads\/2026\/01\/Gruppenbild-mit-Maske-1.jpg\" \/>\n\t<meta property=\"og:image:width\" content=\"1600\" \/>\n\t<meta property=\"og:image:height\" content=\"1066\" \/>\n\t<meta property=\"og:image:type\" content=\"image\/jpeg\" \/>\n<meta name=\"twitter:card\" content=\"summary_large_image\" \/>\n<meta name=\"twitter:label1\" content=\"Gesch\u00e4tzte Lesezeit\" \/>\n\t<meta name=\"twitter:data1\" content=\"2\u00a0Minuten\" \/>\n<script type=\"application\/ld+json\" class=\"yoast-schema-graph\">{\"@context\":\"https:\\\/\\\/schema.org\",\"@graph\":[{\"@type\":\"WebPage\",\"@id\":\"https:\\\/\\\/www.sendelfenga-sumpfhexa.de\\\/cms\\\/geschichte\\\/\",\"url\":\"https:\\\/\\\/www.sendelfenga-sumpfhexa.de\\\/cms\\\/geschichte\\\/\",\"name\":\"Geschichte - 1. Freien Narrenzunft Sindelfingen \u2013 Sendelfenga Sumpfhexa\",\"isPartOf\":{\"@id\":\"https:\\\/\\\/www.sendelfenga-sumpfhexa.de\\\/cms\\\/#website\"},\"primaryImageOfPage\":{\"@id\":\"https:\\\/\\\/www.sendelfenga-sumpfhexa.de\\\/cms\\\/geschichte\\\/#primaryimage\"},\"image\":{\"@id\":\"https:\\\/\\\/www.sendelfenga-sumpfhexa.de\\\/cms\\\/geschichte\\\/#primaryimage\"},\"thumbnailUrl\":\"https:\\\/\\\/www.sendelfenga-sumpfhexa.de\\\/cms\\\/wp-content\\\/uploads\\\/2026\\\/01\\\/Gruppenbild-mit-Maske-1.jpg\",\"datePublished\":\"2023-01-18T21:00:29+00:00\",\"dateModified\":\"2026-01-19T17:36:50+00:00\",\"breadcrumb\":{\"@id\":\"https:\\\/\\\/www.sendelfenga-sumpfhexa.de\\\/cms\\\/geschichte\\\/#breadcrumb\"},\"inLanguage\":\"de\",\"potentialAction\":[{\"@type\":\"ReadAction\",\"target\":[\"https:\\\/\\\/www.sendelfenga-sumpfhexa.de\\\/cms\\\/geschichte\\\/\"]}]},{\"@type\":\"ImageObject\",\"inLanguage\":\"de\",\"@id\":\"https:\\\/\\\/www.sendelfenga-sumpfhexa.de\\\/cms\\\/geschichte\\\/#primaryimage\",\"url\":\"https:\\\/\\\/www.sendelfenga-sumpfhexa.de\\\/cms\\\/wp-content\\\/uploads\\\/2026\\\/01\\\/Gruppenbild-mit-Maske-1.jpg\",\"contentUrl\":\"https:\\\/\\\/www.sendelfenga-sumpfhexa.de\\\/cms\\\/wp-content\\\/uploads\\\/2026\\\/01\\\/Gruppenbild-mit-Maske-1.jpg\",\"width\":1600,\"height\":1066},{\"@type\":\"BreadcrumbList\",\"@id\":\"https:\\\/\\\/www.sendelfenga-sumpfhexa.de\\\/cms\\\/geschichte\\\/#breadcrumb\",\"itemListElement\":[{\"@type\":\"ListItem\",\"position\":1,\"name\":\"Startseite\",\"item\":\"https:\\\/\\\/www.sendelfenga-sumpfhexa.de\\\/cms\\\/\"},{\"@type\":\"ListItem\",\"position\":2,\"name\":\"Geschichte\"}]},{\"@type\":\"WebSite\",\"@id\":\"https:\\\/\\\/www.sendelfenga-sumpfhexa.de\\\/cms\\\/#website\",\"url\":\"https:\\\/\\\/www.sendelfenga-sumpfhexa.de\\\/cms\\\/\",\"name\":\"1. Freien Narrenzunft Sindelfingen \u2013 Sendelfenga Sumpfhexa\",\"description\":\"\",\"potentialAction\":[{\"@type\":\"SearchAction\",\"target\":{\"@type\":\"EntryPoint\",\"urlTemplate\":\"https:\\\/\\\/www.sendelfenga-sumpfhexa.de\\\/cms\\\/?s={search_term_string}\"},\"query-input\":{\"@type\":\"PropertyValueSpecification\",\"valueRequired\":true,\"valueName\":\"search_term_string\"}}],\"inLanguage\":\"de\"}]}<\/script>\n<!-- \/ Yoast SEO plugin. -->","yoast_head_json":{"title":"Geschichte - 1. Freien Narrenzunft Sindelfingen \u2013 Sendelfenga Sumpfhexa","robots":{"index":"index","follow":"follow","max-snippet":"max-snippet:-1","max-image-preview":"max-image-preview:large","max-video-preview":"max-video-preview:-1"},"canonical":"https:\/\/www.sendelfenga-sumpfhexa.de\/cms\/geschichte\/","og_locale":"de_DE","og_type":"article","og_title":"Geschichte - 1. Freien Narrenzunft Sindelfingen \u2013 Sendelfenga Sumpfhexa","og_description":"Geschichte Geschichtlicher Hintergrund\u00a0der Sendelfenga Sumpfhexa Die Sendelfenga Sumpfhexa taucht in der Stadtchronik der \u00a0Stadt Sindelfingen im 16 Jahrhundert auf. Sindelfingen wurde 1605 ein eigenst\u00e4ndiges Amt und unabh\u00e4ngig von B\u00f6blingen. Im Jahr 1605 mit ihren 1400 Bewohner hatten die Sindelfinger schon viele Sumpfgebiete die der Sendelfenga Sumpfhexa zu ihrem Namen verhalf. Die im 16 Jahrhundert einsetzende [&hellip;]","og_url":"https:\/\/www.sendelfenga-sumpfhexa.de\/cms\/geschichte\/","og_site_name":"1. Freien Narrenzunft Sindelfingen \u2013 Sendelfenga Sumpfhexa","article_modified_time":"2026-01-19T17:36:50+00:00","og_image":[{"width":1600,"height":1066,"url":"https:\/\/www.sendelfenga-sumpfhexa.de\/cms\/wp-content\/uploads\/2026\/01\/Gruppenbild-mit-Maske-1.jpg","type":"image\/jpeg"}],"twitter_card":"summary_large_image","twitter_misc":{"Gesch\u00e4tzte Lesezeit":"2\u00a0Minuten"},"schema":{"@context":"https:\/\/schema.org","@graph":[{"@type":"WebPage","@id":"https:\/\/www.sendelfenga-sumpfhexa.de\/cms\/geschichte\/","url":"https:\/\/www.sendelfenga-sumpfhexa.de\/cms\/geschichte\/","name":"Geschichte - 1. Freien Narrenzunft Sindelfingen \u2013 Sendelfenga Sumpfhexa","isPartOf":{"@id":"https:\/\/www.sendelfenga-sumpfhexa.de\/cms\/#website"},"primaryImageOfPage":{"@id":"https:\/\/www.sendelfenga-sumpfhexa.de\/cms\/geschichte\/#primaryimage"},"image":{"@id":"https:\/\/www.sendelfenga-sumpfhexa.de\/cms\/geschichte\/#primaryimage"},"thumbnailUrl":"https:\/\/www.sendelfenga-sumpfhexa.de\/cms\/wp-content\/uploads\/2026\/01\/Gruppenbild-mit-Maske-1.jpg","datePublished":"2023-01-18T21:00:29+00:00","dateModified":"2026-01-19T17:36:50+00:00","breadcrumb":{"@id":"https:\/\/www.sendelfenga-sumpfhexa.de\/cms\/geschichte\/#breadcrumb"},"inLanguage":"de","potentialAction":[{"@type":"ReadAction","target":["https:\/\/www.sendelfenga-sumpfhexa.de\/cms\/geschichte\/"]}]},{"@type":"ImageObject","inLanguage":"de","@id":"https:\/\/www.sendelfenga-sumpfhexa.de\/cms\/geschichte\/#primaryimage","url":"https:\/\/www.sendelfenga-sumpfhexa.de\/cms\/wp-content\/uploads\/2026\/01\/Gruppenbild-mit-Maske-1.jpg","contentUrl":"https:\/\/www.sendelfenga-sumpfhexa.de\/cms\/wp-content\/uploads\/2026\/01\/Gruppenbild-mit-Maske-1.jpg","width":1600,"height":1066},{"@type":"BreadcrumbList","@id":"https:\/\/www.sendelfenga-sumpfhexa.de\/cms\/geschichte\/#breadcrumb","itemListElement":[{"@type":"ListItem","position":1,"name":"Startseite","item":"https:\/\/www.sendelfenga-sumpfhexa.de\/cms\/"},{"@type":"ListItem","position":2,"name":"Geschichte"}]},{"@type":"WebSite","@id":"https:\/\/www.sendelfenga-sumpfhexa.de\/cms\/#website","url":"https:\/\/www.sendelfenga-sumpfhexa.de\/cms\/","name":"1. Freien Narrenzunft Sindelfingen \u2013 Sendelfenga Sumpfhexa","description":"","potentialAction":[{"@type":"SearchAction","target":{"@type":"EntryPoint","urlTemplate":"https:\/\/www.sendelfenga-sumpfhexa.de\/cms\/?s={search_term_string}"},"query-input":{"@type":"PropertyValueSpecification","valueRequired":true,"valueName":"search_term_string"}}],"inLanguage":"de"}]}},"_links":{"self":[{"href":"https:\/\/www.sendelfenga-sumpfhexa.de\/cms\/wp-json\/wp\/v2\/pages\/33","targetHints":{"allow":["GET"]}}],"collection":[{"href":"https:\/\/www.sendelfenga-sumpfhexa.de\/cms\/wp-json\/wp\/v2\/pages"}],"about":[{"href":"https:\/\/www.sendelfenga-sumpfhexa.de\/cms\/wp-json\/wp\/v2\/types\/page"}],"author":[{"embeddable":true,"href":"https:\/\/www.sendelfenga-sumpfhexa.de\/cms\/wp-json\/wp\/v2\/users\/1"}],"replies":[{"embeddable":true,"href":"https:\/\/www.sendelfenga-sumpfhexa.de\/cms\/wp-json\/wp\/v2\/comments?post=33"}],"version-history":[{"count":6,"href":"https:\/\/www.sendelfenga-sumpfhexa.de\/cms\/wp-json\/wp\/v2\/pages\/33\/revisions"}],"predecessor-version":[{"id":9731,"href":"https:\/\/www.sendelfenga-sumpfhexa.de\/cms\/wp-json\/wp\/v2\/pages\/33\/revisions\/9731"}],"wp:attachment":[{"href":"https:\/\/www.sendelfenga-sumpfhexa.de\/cms\/wp-json\/wp\/v2\/media?parent=33"}],"curies":[{"name":"wp","href":"https:\/\/api.w.org\/{rel}","templated":true}]}}